 + 0 + n**2. Give m(l).
-7
Let b(p) = p**2 - 3. Suppose -2*z + 2 = -6. Suppose c = z*o - 4*c - 3, -3*o - c = 12. Calculate b(o).
6
Suppose 10*i = i - 9. Let y(g) = 6*g. Determine y(i).
-6
Let b be 2*-1 + 35/5. Let c(i) = -1 + 6*i - 3*i + i - i**3 - 3*i. Let d(u) = 5*u**3 - 4*u**2 - 9*u + 1. Let p(k) = -4*c(k) - d(k). Determine p(b).
3
Let a = -11 + 11. Let i(m) be the second derivative of 1/2*m**3 + 1/12*m**4 + 2*m - 2*m**2 + a. Calculate i(-5).
6
Suppose -4 = -g + 1. Let d(j) = -j**2 + 5*j - 1. Calculate d(g).
-1
Suppose -12 = 4*v + 4*o, 0*v + 2*v + 5*o + 18 = 0. Suppose -v + 4 = -3*i. Let p(u) = -9*u - 1. Determine p(i).
8
Let g(u) = -2*u + 3. Let k be (-32)/18 + 4/(-18). Let p(t) = -t**2 + 1. Let f(j) = j**2 - 5*j + 8. Let b(a) = k*p(a) - f(a). Let h be b(-7). Give g(h).
-5
Let g = 24 + -14. Suppose -5*v = -g, 8*i - v = 3*i + 8. Let j(b) = b**3 - b**2 - b. Calculate j(i).
2
Let i(d) = -3*d - 4*d**2 - 2 + 11*d**3 + 2*d - 10*d**3 + 0*d. What is i(3)?
-14
Let w(l) = -l**3 + 3*l**2 - 2*l + 3. Let p = 28 + -25. What is w(p)?
-3
Let i(b) = 6*b + 0 - 92*b**2 - 4 + 90*b**2 - 1. Give i(4).
-13
Let b(n) = 2*n**3 - 5*n**2 + 2*n + 8. Let g(x) = x**3 - 2*x**2 + x + 4. Let u(i) = -4*b(i) + 7*g(i). Determine u(6).
-10
Let f = -2 + 8. Let a(k) = -2*k - 3*k**2 + 2 - k - k**3 + f*k**2. Let p(u) = -2*u - 7. Let v be p(-5). What is a(v)?
-7
Let x = -16 + 19. Let c(u) = x*u**2 - 3 - 2*u**3 + 2 - 2*u**2 + u**3. Give c(2).
-5
Let y = -173 + 177. Let t(a) = -a**2 - a + 2. Calculate t(y).
-18
Let n = -3 + 6. Suppose w = n*w - 30. Suppose 5*r + 18 + 37 = 5*q, 3*r = -w. Let b(c) = -c + 3. Determine b(q).
-3
Let v(k) = k**2 - k. Let d(h) = -5*h**2 + 8*h - 4. Let q(c) = d(c) + 6*v(c). Determine q(-4).
4
Let a(v) = -v + 5. Suppose 3*y = 4*c - 23, -6 = -3*y - 4*c + 11. Let r = y + 1. Determine a(r).
5
Let d(s) = -s**3 + 2*s**2 - 11*s - 1. Let a(b) = b**3 - 3*b**2 + 10*b + 1. Let f(u) = 5*a(u) + 4*d(u). What is f(6)?
1
Let f(y) = -y**2 - 2*y - 1. Let w be 0 - ((-2)/(-2) - 3). Suppose 9 = 3*s - w*n - n, -5*s - 2*n = -22. Let r be (1 - -2)*s/(-3). Give f(r).
-9
Let p(r) = -5*r**2 - 9*r - 4. Suppose 6 + 0 = -2*z. Let j(c) = 4*c**2 + 8*c + 3. Let g(k) = z*j(k) - 2*p(k). Suppose -b - 2*b = 12. What is g(b)?
-9
Let m(i) = -i**2 + 1. Let q = -5 + 11. Let w be (-4)/(-6)*q/4. Calculate m(w).
0
Let p(d) = 4*d + 0*d + d - 2*d + 3. Determine p(-2).
-3
Let f(k) = k**3 + 4*k**2 + 2*k - 4. Let d(t) = -3*t - 1. Let a be d(1). Determine f(a).
-12
Let a be (32/24)/((-2)/(-6)). Let c(m) = a - 1 + 2*m - 5 + 6. Give c(-6).
-8
Let d(y) = -y - 11. Let f(q) = 4*q**3 + 3*q**2 + 2*q + 3. Let j be f(-2). Let l = j - -21. Calculate d(l).
-11
Let g be 9/4 - (-7)/(-28). Let o(q) = g*q**2 + q**3 - 2*q**3 + 2*q**3 - q + 3. Give o(-3).
-3
Let c be (8/(-16))/((-3)/(-18)). Let i(m) = -3*m - 1. Give i(c).
8
Let p(d) = 21 - d**2 + 3*d**2 - 18 + 3*d. Let r = -2 + 0. What is p(r)?
5
Let x be (-8)/(-32) + 15/4. Let g be (-21)/(-6) - 3/6. Suppose -3*u + 21 = -5*y, g*u + 2*u + 2 = -x*y. Let k(z) = z**3 - 2*z**2 + 4*z - 3. Calculate k(u).
5
Let c(f) be the second derivative of -4*f + 1/2*f**3 + 0 + 3/2*f**2. What is c(-2)?
-3
Let s(b) = 3*b**3 + b. Let c(h) = -2*h**3 + h**2 - h - 1. Let d(o) = 4*c(o) + 3*s(o). Let a = 8 + -6. Suppose -1 - 7 = a*x. Calculate d(x).
0
Let s(r) be the third derivative of r**5/30 + r**3/6 + 7*r**2. Calculate s(1).
3
Let z be 0 - -10*(-2)/(-4). Suppose 6*i - 3*i - 6 = 0. Let w(t) = -i - 3 + 1 + 2*t. Give w(z).
6
Let h(n) be the first derivative of -n**2/2 - n - 42. What is h(2)?
-3
Let r(o) = o - 3. Suppose 13 - 3 = -5*s. Let z be s/(-8) + 15/4. Suppose 3*p - 5 = z. What is r(p)?
0
Let f(j) = 44*j - 33. Let v(z) = z - 1. Let y(w) = f(w) - 33*v(w). Suppose -5*s - 11 = -6. Give y(s).
-11
Let j(q) = 6*q - 8. Let m(z) = -7*z + 8. Let r(w) = -6*j(w) - 5*m(w). What is r(7)?
1
Let k(a) = -a**3 - 2*a + 2. Let f(u) = -u**3 - 3*u + 2. Let y(b) = 2*f(b) - 3*k(b). Let x(j) = 14*j - 168. Let n be x(12). What is y(n)?
-2
Let w(d) = -2*d**2 + 5*d + 6. Suppose 15 = -2*p + 5*p. Calculate w(p).
-19
Let b = -3 + -1. Let z(m) = -m**2 - 7*m - 1. Let d(q) = -2*q**2 - 13*q - 2. Let p(t) = b*d(t) + 7*z(t). Calculate p(-2).
-1
Let m(g) = -104 + g + 108 + 0*g. What is m(-3)?
1
Let q(w) = w + 1. Let i(o) = -5*o - 9. Let p(d) = i(d) + 6*q(d). Let s(m) = -2*m + 5. Let n(h) = 5*p(h) + 3*s(h). Calculate n(-4).
4
Let x(n) = -n + 8. Let j(l) = -l + 8. Suppose 10 = 2*a + 5*b, -2*a + 2*b = 2*a - 20. Let r = a - 2. Let t(s) = r*x(s) - 4*j(s). Determine t(5).
-3
Let k(s) = -s - 4. Suppose 4*l - 15 - 5 = 0. Give k(l).
-9
Let x(i) = i - 3. Suppose 10 = 5*k - 5*g - 0*g, 2*k + 5*g - 25 = 0. Let t be x(k). Suppose t*w + 3 + 3 = 0. Let f(z) = -z**3 - 3*z**2 - 2*z - 3. What is f(w)?
3
Let a(y) = -y - 10. Let q be a(-10). Let o(l) = -l**3 + l**2 + l + 14. Calculate o(q).
14
Let w be -1 + 7/((-21)/(-12)). Let d(b) = -3 + 8*b**3 + 2*b**w + 2. What is d(1)?
9
Let q(z) = z**3 + 12*z**2 - 12*z + 10. Let r be q(-13). Let p(u) = -4 - 3*u - u**2 + 0*u + 0*u - 2*u. Give p(r).
2
Suppose 6*n = n - 2*m - 40, -5 = 5*n - 5*m. Let v = 8 + -5. Let i(f) = -v*f**2 + 6 + 6*f**2 - 6*f - 4*f**2. What is i(n)?
6
Suppose -2*m = -5*m + 12. Suppose 5 = -t, 4*o + 0*t = -m*t - 40. Let h(a) = 2*a + 2. Calculate h(o).
-8
Let f(n) = 4. Let x(h) = -h + 5. Let u(t) = -6*f(t) + 5*x(t). Determine u(-3).
16
Let v(c) be the second derivative of c**3 - c**2 - 3*c + 0 - 1/12*c**4. Determine v(4).
6
Let z(o) be the first derivative of -o**6/360 - o**5/120 + o**4/24 - o**3 + 2. Let t(m) be the third derivative of z(m). Calculate t(-2).
-1
Let z(q) = q**2 - 1. Let t(u) = 5*u**2 + 2*u - 2. Let x(h) = -t(h) + 2*z(h). What is x(-2)?
-8
Let a(r) be the first derivative of r**2/2 + 4*r - 5. Let t(h) = -13*h**3 - h**2 + h. Let z be t(1). Let y = z + 8. Determine a(y).
-1
Let w = 0 - -2. Suppose 5*l - 3*q + 2 = 8, -4*q + 6 = -w*l. Let m(d) = -2*d**2 - 4*d + 0*d + 0*d**3 + d**3. What is m(l)?
-3
Let l(z) be the third derivative of z**6/120 - z**5/20 - z**4/24 - 5*z**3/6 - 12*z**2. Give l(4).
7
Let v(f) = -f**3 + 7*f**2 - f - 1. Suppose 2*d - 30 = -4*d. Suppose 0 = -4*a + a + 9, 2*o = d*a - 1. Give v(o).
-8
Suppose -8 = 2*b + 2*b. Let a be 2*(b + 2/4). Let c(l) = 4*l + 7 - 2*l - l - 3. Give c(a).
1
Suppose -7 = -q - 1. Let w(x) = 2*x - 9. Determine w(q).
3
Suppose 0 = -h - 1 + 9. Let r be (-2)/(-11) - 476/77. Let a = r + h. Let q(i) = -i**3 + i**2 + 3*i - 3. Calculate q(a).
-1
Suppose 2*r = -r + 6. Let g(o) = -o**3 + 0*o**r - 5*o**2 + 5*o + 0*o**2. Suppose 8 - 58 = 5*j - 5*t, 0 = -4*j + t - 28. What is g(j)?
6
Let u be 2 + -1 + -2 + -2 + 3. Let v(w) = -w + 19. Determine v(u).
19
Let o(m) = 2*m**2 - 1 - m**2 + 3*m**3 - 4*m**3. Suppose 5*y - w = 39, -15 = -0*y - 5*y - 5*w. Let c = y - 8. Give o(c).
1
Let d(c) be the second derivative of -5*c + 0*c**3 + 0 + 0*c**2 + 0*c**4 - 1/4*c**5. Determine d(-1).
5
Let t(z) = -3*z + 13 - 5*z**2 - 16 - z**3 + z - 3*z. Give t(-4).
1
Let b = -5 + 15. Let p be 6/b*(9 - -1). Let i(g) = g**3 - 7*g**2 + 7*g + 5. Determine i(p).
11
Let b(v) = 9*v - 1. Let r(n) = n - 1. Suppose 4*m - 2*l = 24, l - 12 = -2*m - 0*l. Let i(f) = m*r(f) - b(f). Give i(-4).
7
Let h = 6 - -1. Let v(o) = -6*o**2 + 6 + h*o**2 - 5*o - o. Let b be (-2)/(-8) - 60/(-16). What is v(b)?
-2
Let r(t) = 2 + t + 3*t - 5 - 3*t. What is r(5)?
2
Suppose 2*p - 4*p - 4 = 0, -3*a + 3 = 3*p. Let q be a/(-5) + 162/(-30). Let f(y) = -y**2 - 8*y + 3. Give f(q).
15
Suppose 7 - 21 = -7*b. Let l(a) be the third derivative of 4*a**b + 0 - 1/12*a**4 + 0*a + 1/60*a**5 + 2/3*a**3. What is l(3)?
7
Let i(n) = -5*n + 13*n - 2*n - 5*n + 3. Give i(3).
6
Let p(m) = -2*m. Let x be p(-3). Let v be (x/18)/((-2)/(-6)). Let z(c) = 7*c - 2*c + 6*c + 0*c + v. Determine z(-1).
-10
Let v(a) = a**2 + 9*a - 6. Let p(w) = -2*w**3 - 37*w**2 + 18*w - 28. Let j be p(-19). Calculate v(j).
-6
Let u(k) = 6*k**2 + 1. Suppose 3*s + 4*z = 23, -3*z + 8 = 3*s - 10. Let v be u(s). Let h(y) = y - y + v + y. Give h(-4).
3
Let m be 2 + (3 - 4 - -4). Let i(x) be the second derivative of x**3/3 - x**2 - 2*x. Give i(m).
8
Let h(l) = 9*l**3 + 6*l**2 + 6*l + 11. Let x(r) = -3*r**2 - 5*r**3 - 3*r + r - r - 6. Let n(d) = -4*h(d) - 7*x(d). What is n(-3)?
7
Let w(b) = -4*b**3. Let r(u) = -u**2 + 2*u + 3. Let x be r(3). Suppose 2*q - 2 = -x*q